 k(j) = -j**2 + 2*j + 16. Let b be k(v). Let l(f) = 3*f. Give l(b).
3
Let f(p) be the first derivative of p**3/3 - p**2/2 - 2*p - 35. What is f(-5)?
28
Let g be ((-94)/(-18) + 6/(-27))/1. Let o(t) = 13 + 14 + g*t - 34. What is o(6)?
23
Let c(j) = j**3 + j - 4 + 3 - 1 + 3. Let a(l) = 2*l**3 + 3*l**2 + 3*l + 3. Let g(d) = -a(d) + c(d). What is g(-3)?
4
Let a(f) = -f**3 + f**2 - f. Let t = -64 + 68. Let z(b) = b**2 - 3*b - 4. Let p be z(t). Determine a(p).
0
Let m(d) be the third derivative of d**8/20160 + d**7/840 + d**6/360 - d**5/10 + 9*d**2. Let y(j) be the third derivative of m(j). Give y(-3).
-7
Let l be 40/35*1*(8 - 1). Let x(f) = 3*f - 7. What is x(l)?
17
Let g(h) = h + 1. Let p be (36/27)/(1/3). Suppose 4*d - p - 12 = 0. Suppose -5 = -d*n + 7. Give g(n).
4
Let j = 89 + -101. Let x be (4 - j)*(-3)/(-6). Let w(f) = -f**3 + 9*f**2 - 9*f - 2. Determine w(x).
-10
Let i(n) be the third derivative of n**4/12 - 19*n**3/6 - 47*n**2. Determine i(16).
13
Let y(h) = -h**3 - 20*h**2 + 2*h + 41. Let v be y(-20). Let m(d) = 6*d**3 + 2*d - 1. Give m(v).
7
Suppose -5*g + 22 = -4*g + 4*a, 4*a - 62 = -5*g. Let k(i) = -i**3 + 9*i**2 + 12*i + 9. Calculate k(g).
29
Let m(o) be the first derivative of 2*o**3 + 2*o**2 + 2*o + 464. Calculate m(-2).
18
Suppose -88*t - 27 = -61*t. Let k(n) = -n**2 - n. Calculate k(t).
0
Let s(v) = -49*v + 157*v - v**2 - 52*v - 68*v - 24. What is s(-10)?
-4
Let k be (-88)/(-396) + (-47)/(-9)*-1. Let r(t) = -t - 9. Let u(m) = -5*m - 44. Let a(c) = 11*r(c) - 2*u(c). What is a(k)?
-6
Suppose 50 = 5*d + 6*j - j, 4*d + 2*j - 50 = 0. Suppose 10*z = d*z + 35. Let g(w) = w**3 + 7*w**2 + 2. Calculate g(z).
2
Let v(a) be the third derivative of -a**4/8 + a**3/6 + 21*a**2 - a. Calculate v(1).
-2
Suppose 14*k = 12*k + 14. Let a(t) = -3*t - 2*t + k*t**2 + 0*t - t**3 + 4. Give a(6).
10
Let t(g) = 2*g**3 + 124*g - 122*g - 16 - 3*g**3 + 2*g**3 - 12*g**2 + 0*g**2. Give t(12).
8
Let k(j) be the second derivative of 17*j**3/6 + j**2/2 + 74*j. What is k(-1)?
-16
Let y(h) be the third derivative of h**5/120 - 25*h**3/6 + 26*h**2. Let v(n) be the first derivative of y(n). Determine v(0).
0
Let l(s) = -s**3 - 6*s**2 - 5*s + 4. Let v(u) be the second derivative of u**3/6 - 3*u**2/2 - 8*u. Let h be v(-2). What is l(h)?
4
Let i be (299/(-26) + 10)*20/(-6). Let o(a) = -a**3 + 7*a**2 - 8*a - 11. Calculate o(i).
-1
Let g(h) be the second derivative of 19*h**3/6 - h**2/2 - 287*h. Calculate g(-1).
-20
Let z(t) = 6*t**2 + 1. Let q(s) = 5*s + 14. Let p be q(-3). Give z(p).
7
Let v(d) = 2*d - 1. Let b(n) = n**3 - 5*n**2 - 6*n + 1. Let c be b(6). Let u be -1*(-2 + c)*-4. Calculate v(u).
-9
Let u = 9 - 11. Let g be u/13 - (-120)/(-65). Let x(l) be the second derivative of l**4/6 + 2*l**3/3 + 3*l**2/2 - 3*l. Calculate x(g).
3
Let f(h) = -h**2 + 2*h - 7. Let q(c) = 2*c**2 - 5*c + 14. Let l(y) = 7*f(y) + 3*q(y). Let r(m) = -m**2 - 2*m - 6. Let t(x) = 5*l(x) - 6*r(x). Determine t(-5).
-9
Let o(v) = 2*v + 7. Suppose 4*l + 33 = p, 3*p + 30 + 7 = -5*l. Give o(l).
-9
Let i(k) = 3 + k - 1 - 6. Suppose 5*d = q + 3, -3*d - q - 3*q = 12. Suppose -2*h - 13 = 5*r - 45, h - 5*r + 14 = d. Determine i(h).
2
Let r(a) be the second derivative of 4*a + 1/12*a**4 - 1/2*a**3 + 0 + 1/2*a**2. Suppose -6 = -2*k - k. What is r(k)?
-1
Let b(t) be the first derivative of -t**3/3 + 7*t**2/2 + 5*t - 231. Determine b(7).
5
Let l(o) be the first derivative of 5*o**4/4 + o**2/2 - o + 6. Suppose -77*m + 69*m = -8. Calculate l(m).
5
Let f(j) be the third derivative of -j**4/8 - j**2 - 9*j. Give f(-1).
3
Let l(k) be the third derivative of k**5/60 + 13*k**4/24 - 6*k**3 + k**2 + 49. What is l(-15)?
-6
Let b(k) = k**2 + 6*k - 3. Let v be b(-8). Let m(g) = -g + 7. Let r be m(v). Let t(l) = 0*l**2 + 3*l + l**2 - 6 + 2*l. Give t(r).
0
Let u be 3*(-6)/9 + 4. Suppose -s - 15 = -3*r - u*s, 2*r = -s + 9. Suppose 6*o - r = 8*o. Let j(l) = -l**2 - 2*l + 4. Give j(o).
1
Let l(h) be the first derivative of h**5/120 + h**4/8 + 7*h**3/3 + 28. Let i(z) be the third derivative of l(z). Determine i(-7).
-4
Let w(s) = 3*s**2 + 2*s. Suppose -z - 30 = -16*z. What is w(z)?
16
Suppose -4*s - 14 = -c, 2*c + 2*c = 4*s + 20. Let h = -10 - s. Let i = h + 1. Let m(z) = z**3 + 7*z**2 + 8*z + 4. What is m(i)?
-8
Suppose -6*h = -13*h + 3*h. Let f(x) = x - 20. Determine f(h).
-20
Let y(l) = -l - 14. Let f = -224 + 211. Calculate y(f).
-1
Let h(u) be the first derivative of -u**4/4 - 7*u**3/3 - u**2/2 - u - 1. Let o(l) = -l**3 + l**2 - 4*l + 5. Let b be o(2). Calculate h(b).
6
Let l(s) be the first derivative of -7*s**2/2 + 2*s - 16. Let i(p) = p + 1. Let w(x) = -2*i(x) + l(x). Calculate w(1).
-9
Let s(h) = 3*h**3 - 386*h - 3*h**3 - h**3 + 4 + 4*h**2 + 382*h. Let v be s(3). Let o(w) = -3*w - 1. Calculate o(v).
-4
Let j = 8 - 6. Let d be (-1)/(j/32*4). Let l(u) be the second derivative of u**5/20 + u**4/3 + u**3/6 + 2*u**2 + 3*u. Calculate l(d).
0
Let v(y) = -6*y**2 + 13*y**2 - 7*y**2 + 11*y - 16*y**2 - y**3 - 20 - 27*y. Calculate v(-15).
-5
Let a(l) = 2*l**2 + 14*l + 6. Let j = -237 + 230. Determine a(j).
6
Let r(s) = -5*s + s - 2 + 2*s. Suppose 0*h = 5*h - a - 2, 3*h - a = 0. Let v = -6 + h. Give r(v).
8
Let r = -1 - -1. Suppose d + 3*y = 15, 2*d - 10 = -r*d - 2*y. Suppose -3*v + 2*v = d. Let w(t) = -t**3 - t**2 + t + 10. Give w(v).
10
Let y(f) = -f**3 + 59*f**2 - 2*f + 120. Let n be y(59). Let m(q) = 7*q + 2. Give m(n).
16
Let b be ((-6)/4)/((-3)/40). Let u = -14 + b. Let h(d) = -4*d - 34*d**2 + 11*d**2 + 6*d**2 + 4*d**2 - 8 + 14*d**2. Calculate h(u).
4
Let y(v) = -v**2 + 13*v - 20. Let f be y(11). Let x(h) = 8*h**2 - 4 - 3*h**3 - 4*h**f + h - 3*h**2 + 2*h**3. Suppose 2*k + 3*k = 0. Give x(k).
-4
Let d(f) be the third derivative of 0*f + 0 + 0*f**4 + 1/120*f**6 - 1/12*f**5 + 1/3*f**3 + 6*f**2. Calculate d(5).
2
Let o(s) = -s**3 - 6*s**2 - 13*s - 11. Let n(z) = -z**3 - 7*z**2 - 12*z - 11. Let r(a) = -3*n(a) + 2*o(a). Calculate r(-8).
-5
Let h(q) = -q**3 + 3*q**2 - 11*q - 5. Let t(w) = -w**3 - 2*w**2 - w - 1. Let k(c) = h(c) - 2*t(c). What is k(-8)?
5
Let g(d) = 38 - 3*d - 7*d - d - d + 15*d. Calculate g(-13).
-1
Suppose -6*l = -4*l - 4. Suppose 3*c + l*h + 7 = 0, -c - 18 = c + 4*h. Let n(p) = -2*p + 5*p + 5*p**2 - p + c. What is n(-1)?
4
Let r(y) = 8*y**2 + 27*y + 5. Let h(s) = 10*s**2 + 33*s + 6. Let a(d) = 5*h(d) - 6*r(d). Suppose -4 + 0 = 2*t. What is a(t)?
2
Let s(f) = -2*f + 0 - 3 - f + f**3 - f - 3*f**2. Suppose 0 = -5*t + 20, 2*h + 3*t - 24 = -t. Determine s(h).
-3
Suppose -3*v - 220 = 4*k - 0*v, v = 0. Let a be k/(-7) - 3/(-21). Let c(l) = -l + 3. What is c(a)?
-5
Let i be 90/(-3)*6/(-9). Suppose -3*s + 3 = -4*s - u, 0 = 5*u + i. Suppose -14 = 3*q + s. Let f(n) = -n**3 - 5*n**2 - n - 6. Determine f(q).
-1
Let m(p) = -127 - 2*p + 68 + 67. Determine m(6).
-4
Let h(s) = -s**2 + s + 1. Let l be 8*(0 + 2)/8. Suppose -5*u = -l*u. Suppose u = 3*p - 0*p - 3. Determine h(p).
1
Let k(w) = -11*w**2 + 2*w - 3*w + 6437 - 6436. Calculate k(1).
-11
Let v(a) be the third derivative of 0 - 1/120*a**6 - a**2 + 1/20*a**5 + 5/24*a**4 + 0*a - 5/6*a**3. Let o be (-6)/((4/16)/(2/(-12))). Give v(o).
-1
Let h = 155 + -155. Let d(c) = c**3 + c + 18. Give d(h).
18
Let j(g) = -g**2 - 2*g**2 - 2*g**2 + 2*g - 7 + 0*g**2 + 4*g**2. Determine j(3).
-10
Let k(q) be the third derivative of -7*q**2 + 0 - 7/6*q**3 + 5/24*q**4 - 1/60*q**5 + 0*q. What is k(5)?
-7
Let l(i) = -i**2 + 1. Let r = -2 + -6. Let j = r - -10. Calculate l(j).
-3
Suppose 46*j - 53*j = 0. Let n(d) be the first derivative of d**3/3 + d**2/2 - 9*d + 1. Calculate n(j).
-9
Let b(x) = -x**2 - x - 13. Let v(k) = 7*k**2 + 2*k - 1. Let q be v(1). Let g(p) = -p**2 + 9*p - 8. Let n be g(q). Give b(n).
-13
Let f(d) = 4*d + 17. Let j(t) = -t - 4. Let l(p) = -2*f(p) - 9*j(p). Calculate l(0).
2
Let g be 4*(12/(-78) - (2 + 108/(-26))). Let s(i) be the third derivative of i**5/60 - i**4/3 - 2*i**3/3 - 2*i**2. Give s(g).
-4
Let z(q) = -6*q. Let r(v) = -5*v - 1. Let o(u) = 2*r(u) - 3*z(u). Let s(a) = -4*a - 14. Let l be s(-6). Suppose g = 6*g - l. Determine o(g).
14
Let q(z) = z + 95 + 101 - 200. Give q(6).
2
Let t(x) be the first derivative of -3*x**5/20 + x**4/12 + x**3/6 - 15*x - 15. Let r(g) be the first derivative of t(g). Calculate r(-1).
3
Let r(m) = m + 15. Let v be r(-13). Suppose -d - 6 = d - 3